[INFO] cloning repository https://github.com/Odebe/krusty-boy
[INFO] running `Command { std: "git" "-c" "credential.helper=" "-c" "credential.helper=/workspace/cargo-home/bin/git-credential-null" "clone" "--bare" "https://github.com/Odebe/krusty-boy" "/workspace/cache/git-repos/https%3A%2F%2Fgithub.com%2FOdebe%2Fkrusty-boy", kill_on_drop: false }`
[INFO] [stderr] Cloning into bare repository '/workspace/cache/git-repos/https%3A%2F%2Fgithub.com%2FOdebe%2Fkrusty-boy'...
[INFO] running `Command { std: "git" "rev-parse" "HEAD", kill_on_drop: false }`
[INFO] [stdout] 75a1f2d694efb4300828da9b74fb567293609aeb
[INFO] checking Odebe/krusty-boy against master#9610dfe5a9a731ced1ea4923ecbd0c57fe367898 for beta-170-4
[INFO] running `Command { std: "git" "clone" "/workspace/cache/git-repos/https%3A%2F%2Fgithub.com%2FOdebe%2Fkrusty-boy" "/workspace/builds/worker-0-tc1/source", kill_on_drop: false }`
[INFO] [stderr] Cloning into '/workspace/builds/worker-0-tc1/source'...
[INFO] [stderr] done.
[INFO] validating manifest of git repo https://github.com/Odebe/krusty-boy on toolchain 9610dfe5a9a731ced1ea4923ecbd0c57fe367898
[INFO] running `Command { std: CARGO_HOME="/workspace/cargo-home" RUSTUP_HOME="/workspace/rustup-home" "/workspace/cargo-home/bin/cargo" "+9610dfe5a9a731ced1ea4923ecbd0c57fe367898" "metadata" "--manifest-path" "Cargo.toml" "--no-deps", kill_on_drop: false }`
[INFO] started tweaking git repo https://github.com/Odebe/krusty-boy
[INFO] finished tweaking git repo https://github.com/Odebe/krusty-boy
[INFO] tweaked toml for git repo https://github.com/Odebe/krusty-boy written to /workspace/builds/worker-0-tc1/source/Cargo.toml
[INFO] crate git repo https://github.com/Odebe/krusty-boy already has a lockfile, it will not be regenerated
[INFO] running `Command { std: CARGO_HOME="/workspace/cargo-home" RUSTUP_HOME="/workspace/rustup-home" "/workspace/cargo-home/bin/cargo" "+9610dfe5a9a731ced1ea4923ecbd0c57fe367898" "fetch" "--manifest-path" "Cargo.toml", kill_on_drop: false }`
[INFO] running `Command { std: "docker" "create" "-v" "/var/lib/crater-agent-workspace/builds/worker-0-tc1/target:/opt/rustwide/target:rw,Z" "-v" "/var/lib/crater-agent-workspace/builds/worker-0-tc1/source:/opt/rustwide/workdir:ro,Z" "-v" "/var/lib/crater-agent-workspace/cargo-home:/opt/rustwide/cargo-home:ro,Z" "-v" "/var/lib/crater-agent-workspace/rustup-home:/opt/rustwide/rustup-home:ro,Z" "-e" "SOURCE_DIR=/opt/rustwide/workdir" "-e" "CARGO_TARGET_DIR=/opt/rustwide/target" "-e" "CARGO_HOME=/opt/rustwide/cargo-home" "-e" "RUSTUP_HOME=/opt/rustwide/rustup-home" "-w" "/opt/rustwide/workdir" "-m" "1610612736" "--user" "0:0" "--network" "none" "ghcr.io/rust-lang/crates-build-env/linux@sha256:19e73879b68f455e41552ea35293514db52ea292d993f571636dbffedb77a1ee" "/opt/rustwide/cargo-home/bin/cargo" "+9610dfe5a9a731ced1ea4923ecbd0c57fe367898" "metadata" "--no-deps" "--format-version=1", kill_on_drop: false }`
[INFO] [stdout] 72a96900d1d2c483bc4850f7f2d35b882f1d36539d9a773ad4aa6a4960173800
[INFO] running `Command { std: "docker" "start" "-a" "72a96900d1d2c483bc4850f7f2d35b882f1d36539d9a773ad4aa6a4960173800", kill_on_drop: false }`
[INFO] running `Command { std: "docker" "inspect" "72a96900d1d2c483bc4850f7f2d35b882f1d36539d9a773ad4aa6a4960173800", kill_on_drop: false }`
[INFO] running `Command { std: "docker" "rm" "-f" "72a96900d1d2c483bc4850f7f2d35b882f1d36539d9a773ad4aa6a4960173800", kill_on_drop: false }`
[INFO] [stdout] 72a96900d1d2c483bc4850f7f2d35b882f1d36539d9a773ad4aa6a4960173800
[INFO] running `Command { std: "docker" "create" "-v" "/var/lib/crater-agent-workspace/builds/worker-0-tc1/target:/opt/rustwide/target:rw,Z" "-v" "/var/lib/crater-agent-workspace/builds/worker-0-tc1/source:/opt/rustwide/workdir:ro,Z" "-v" "/var/lib/crater-agent-workspace/cargo-home:/opt/rustwide/cargo-home:ro,Z" "-v" "/var/lib/crater-agent-workspace/rustup-home:/opt/rustwide/rustup-home:ro,Z" "-e" "SOURCE_DIR=/opt/rustwide/workdir" "-e" "CARGO_TARGET_DIR=/opt/rustwide/target" "-e" "CARGO_INCREMENTAL=0" "-e" "RUST_BACKTRACE=full" "-e" "RUSTFLAGS=--cap-lints=forbid" "-e" "RUSTDOCFLAGS=--cap-lints=forbid" "-e" "CARGO_HOME=/opt/rustwide/cargo-home" "-e" "RUSTUP_HOME=/opt/rustwide/rustup-home" "-w" "/opt/rustwide/workdir" "-m" "1610612736" "--user" "0:0" "--network" "none" "ghcr.io/rust-lang/crates-build-env/linux@sha256:19e73879b68f455e41552ea35293514db52ea292d993f571636dbffedb77a1ee" "/opt/rustwide/cargo-home/bin/cargo" "+9610dfe5a9a731ced1ea4923ecbd0c57fe367898" "check" "--frozen" "--all" "--all-targets" "--message-format=json", kill_on_drop: false }`
[INFO] [stdout] 5bca9bc4da00c3c8f11ac86bde38373b14b503cedc351fbae6e427c6813b251a
[INFO] running `Command { std: "docker" "start" "-a" "5bca9bc4da00c3c8f11ac86bde38373b14b503cedc351fbae6e427c6813b251a", kill_on_drop: false }`
[INFO] [stderr]    Compiling version_check v0.9.2
[INFO] [stderr]    Compiling syn v1.0.60
[INFO] [stderr]    Compiling libc v0.2.86
[INFO] [stderr]    Compiling unicode-segmentation v1.7.1
[INFO] [stderr]     Checking unicode-width v0.1.8
[INFO] [stderr]     Checking hashbrown v0.9.1
[INFO] [stderr]     Checking termcolor v1.1.2
[INFO] [stderr]     Checking os_str_bytes v2.4.0
[INFO] [stderr]     Checking strsim v0.10.0
[INFO] [stderr]    Compiling indexmap v1.6.1
[INFO] [stderr]     Checking textwrap v0.12.1
[INFO] [stderr]    Compiling proc-macro-error-attr v1.0.4
[INFO] [stderr]    Compiling proc-macro-error v1.0.4
[INFO] [stderr]    Compiling heck v0.3.2
[INFO] [stderr]     Checking atty v0.2.14
[INFO] [stderr]    Compiling clap_derive v3.0.0-beta.2
[INFO] [stderr]     Checking clap v3.0.0-beta.2
[INFO] [stderr]     Checking krusty-boy v0.1.0 (/opt/rustwide/workdir)
[INFO] [stdout] error[E0425]: cannot find function `to_u16` in this scope
[INFO] [stdout]   --> src/gameboy.rs:32:31
[INFO] [stdout]    |
[INFO] [stdout] 32 |     pub fn bc(&self) -> u16 { to_u16(self.b, self.c) }
[INFO] [stdout]    |                               ^^^^^^ not found in this scope
[INFO] [stdout]    |
[INFO] [stdout] help: consider using the associated function
[INFO] [stdout]    |
[INFO] [stdout] 32 |     pub fn bc(&self) -> u16 { self.to_u16(self.b, self.c) }
[INFO] [stdout]    |                               +++++
[INFO] [stdout] 
[INFO] [stdout] 
[INFO] [stdout] error[E0425]: cannot find function `to_u16` in this scope
[INFO] [stdout]   --> src/gameboy.rs:32:31
[INFO] [stdout]    |
[INFO] [stdout] 32 |     pub fn bc(&self) -> u16 { to_u16(self.b, self.c) }
[INFO] [stdout]    |                               ^^^^^^ not found in this scope
[INFO] [stdout]    |
[INFO] [stdout] help: consider using the associated function
[INFO] [stdout]    |
[INFO] [stdout] 32 |     pub fn bc(&self) -> u16 { self.to_u16(self.b, self.c) }
[INFO] [stdout]    |                               +++++
[INFO] [stdout] 
[INFO] [stdout] 
[INFO] [stdout] error[E0425]: cannot find function `to_u16` in this scope
[INFO] [stdout]   --> src/gameboy.rs:33:31
[INFO] [stdout]    |
[INFO] [stdout] 33 |     pub fn de(&self) -> u16 { to_u16(self.d, self.e) }
[INFO] [stdout]    |                               ^^^^^^ not found in this scope
[INFO] [stdout]    |
[INFO] [stdout] help: consider using the associated function
[INFO] [stdout]    |
[INFO] [stdout] 33 |     pub fn de(&self) -> u16 { self.to_u16(self.d, self.e) }
[INFO] [stdout]    |                               +++++
[INFO] [stdout] 
[INFO] [stdout] 
[INFO] [stdout] error[E0425]: cannot find function `to_u16` in this scope
[INFO] [stdout]   --> src/gameboy.rs:34:31
[INFO] [stdout]    |
[INFO] [stdout] 34 |     pub fn hl(&self) -> u16 { to_u16(self.h, self.l) }
[INFO] [stdout]    |                               ^^^^^^ not found in this scope
[INFO] [stdout]    |
[INFO] [stdout] help: consider using the associated function
[INFO] [stdout]    |
[INFO] [stdout] 34 |     pub fn hl(&self) -> u16 { self.to_u16(self.h, self.l) }
[INFO] [stdout]    |                               +++++
[INFO] [stdout] 
[INFO] [stdout] 
[INFO] [stdout] error[E0425]: cannot find function `to_u16` in this scope
[INFO] [stdout]   --> src/gameboy.rs:33:31
[INFO] [stdout]    |
[INFO] [stdout] 33 |     pub fn de(&self) -> u16 { to_u16(self.d, self.e) }
[INFO] [stdout]    |                               ^^^^^^ not found in this scope
[INFO] [stdout]    |
[INFO] [stdout] help: consider using the associated function
[INFO] [stdout]    |
[INFO] [stdout] 33 |     pub fn de(&self) -> u16 { self.to_u16(self.d, self.e) }
[INFO] [stdout]    |                               +++++
[INFO] [stdout] 
[INFO] [stdout] 
[INFO] [stdout] error[E0425]: cannot find function `to_u8` in this scope
[INFO] [stdout]   --> src/gameboy.rs:45:22
[INFO] [stdout]    |
[INFO] [stdout] 45 |         let (b, c) = to_u8(value);
[INFO] [stdout]    |                      ^^^^^ not found in this scope
[INFO] [stdout]    |
[INFO] [stdout] help: consider using the associated function
[INFO] [stdout]    |
[INFO] [stdout] 45 |         let (b, c) = self.to_u8(value);
[INFO] [stdout]    |                      +++++
[INFO] [stdout] 
[INFO] [stdout] 
[INFO] [stdout] error[E0425]: cannot find function `to_u8` in this scope
[INFO] [stdout]   --> src/gameboy.rs:51:22
[INFO] [stdout]    |
[INFO] [stdout] 51 |         let (b, e) = to_u8(value);
[INFO] [stdout]    |                      ^^^^^ not found in this scope
[INFO] [stdout]    |
[INFO] [stdout] help: consider using the associated function
[INFO] [stdout]    |
[INFO] [stdout] 51 |         let (b, e) = self.to_u8(value);
[INFO] [stdout]    |                      +++++
[INFO] [stdout] 
[INFO] [stdout] 
[INFO] [stdout] error[E0425]: cannot find function `to_u16` in this scope
[INFO] [stdout]   --> src/gameboy.rs:34:31
[INFO] [stdout]    |
[INFO] [stdout] 34 |     pub fn hl(&self) -> u16 { to_u16(self.h, self.l) }
[INFO] [stdout]    |                               ^^^^^^ not found in this scope
[INFO] [stdout]    |
[INFO] [stdout] help: consider using the associated function
[INFO] [stdout]    |
[INFO] [stdout] 34 |     pub fn hl(&self) -> u16 { self.to_u16(self.h, self.l) }
[INFO] [stdout]    |                               +++++
[INFO] [stdout] 
[INFO] [stdout] 
[INFO] [stdout] error[E0425]: cannot find function `to_u8` in this scope
[INFO] [stdout]   --> src/gameboy.rs:57:22
[INFO] [stdout]    |
[INFO] [stdout] 57 |         let (h, l) = to_u8(value);
[INFO] [stdout]    |                      ^^^^^ not found in this scope
[INFO] [stdout]    |
[INFO] [stdout] help: consider using the associated function
[INFO] [stdout]    |
[INFO] [stdout] 57 |         let (h, l) = self.to_u8(value);
[INFO] [stdout]    |                      +++++
[INFO] [stdout] 
[INFO] [stdout] 
[INFO] [stdout] error[E0425]: cannot find function `to_u8` in this scope
[INFO] [stdout]   --> src/gameboy.rs:45:22
[INFO] [stdout]    |
[INFO] [stdout] 45 |         let (b, c) = to_u8(value);
[INFO] [stdout]    |                      ^^^^^ not found in this scope
[INFO] [stdout]    |
[INFO] [stdout] help: consider using the associated function
[INFO] [stdout]    |
[INFO] [stdout] 45 |         let (b, c) = self.to_u8(value);
[INFO] [stdout]    |                      +++++
[INFO] [stdout] 
[INFO] [stdout] 
[INFO] [stdout] error[E0425]: cannot find function `to_u8` in this scope
[INFO] [stdout]   --> src/gameboy.rs:51:22
[INFO] [stdout]    |
[INFO] [stdout] 51 |         let (b, e) = to_u8(value);
[INFO] [stdout]    |                      ^^^^^ not found in this scope
[INFO] [stdout]    |
[INFO] [stdout] help: consider using the associated function
[INFO] [stdout]    |
[INFO] [stdout] 51 |         let (b, e) = self.to_u8(value);
[INFO] [stdout]    |                      +++++
[INFO] [stdout] 
[INFO] [stdout] 
[INFO] [stdout] error[E0425]: cannot find function `to_u8` in this scope
[INFO] [stdout]   --> src/gameboy.rs:57:22
[INFO] [stdout]    |
[INFO] [stdout] 57 |         let (h, l) = to_u8(value);
[INFO] [stdout]    |                      ^^^^^ not found in this scope
[INFO] [stdout]    |
[INFO] [stdout] help: consider using the associated function
[INFO] [stdout]    |
[INFO] [stdout] 57 |         let (h, l) = self.to_u8(value);
[INFO] [stdout]    |                      +++++
[INFO] [stdout] 
[INFO] [stdout] 
[INFO] [stdout] error: aborting due to 6 previous errors
[INFO] [stdout] 
[INFO] [stdout] 
[INFO] [stdout] For more information about this error, try `rustc --explain E0425`.
[INFO] [stdout] 
[INFO] [stdout] error: aborting due to 6 previous errors
[INFO] [stdout] 
[INFO] [stdout] 
[INFO] [stdout] For more information about this error, try `rustc --explain E0425`.
[INFO] [stdout] 
[INFO] [stderr] error: could not compile `krusty-boy` (bin "krusty-boy") due to 7 previous errors
[INFO] [stderr] warning: build failed, waiting for other jobs to finish...
[INFO] [stderr] error: could not compile `krusty-boy` (bin "krusty-boy" test) due to 7 previous errors
[INFO] running `Command { std: "docker" "inspect" "5bca9bc4da00c3c8f11ac86bde38373b14b503cedc351fbae6e427c6813b251a", kill_on_drop: false }`
[INFO] running `Command { std: "docker" "rm" "-f" "5bca9bc4da00c3c8f11ac86bde38373b14b503cedc351fbae6e427c6813b251a", kill_on_drop: false }`
[INFO] [stdout] 5bca9bc4da00c3c8f11ac86bde38373b14b503cedc351fbae6e427c6813b251a
